{"id":19703,"date":"2023-08-01T14:57:59","date_gmt":"2023-08-01T17:57:59","guid":{"rendered":"https:\/\/forumjustica.com.br\/?post_type=biblioteca&#038;p=19703"},"modified":"2023-09-25T14:59:38","modified_gmt":"2023-09-25T17:59:38","slug":"apresentacao-do-forum-justica","status":"publish","type":"biblioteca","link":"https:\/\/forumjustica.com.br\/es\/biblioteca\/apresentacao-do-forum-justica\/","title":{"rendered":"Apresenta\u00e7\u00e3o do F\u00f3rum Justi\u00e7a"},"content":{"rendered":"","protected":false},"featured_media":19704,"template":"","categories":[194],"tags":[],"anos":[396],"projetos":[],"autorias":[],"tipos":[],"eixos_tematicos":[],"especiais":[507],"locais":[206],"pessoas":[],"estado":[],"academia":[],"sociedade_civil":[],"class_list":["post-19703","biblioteca","type-biblioteca","status-publish","has-post-thumbnail","hentry","category-atualizado","anos-396","especiais-na-vitrine","locais-brasil"],"_links":{"self":[{"href":"https:\/\/forumjustica.com.br\/es\/wp-json\/wp\/v2\/biblioteca\/19703","targetHints":{"allow":["GET"]}}],"collection":[{"href":"https:\/\/forumjustica.com.br\/es\/wp-json\/wp\/v2\/biblioteca"}],"about":[{"href":"https:\/\/forumjustica.com.br\/es\/wp-json\/wp\/v2\/types\/biblioteca"}],"wp:featuredmedia":[{"embeddable":true,"href":"https:\/\/forumjustica.com.br\/es\/wp-json\/wp\/v2\/media\/19704"}],"wp:attachment":[{"href":"https:\/\/forumjustica.com.br\/es\/wp-json\/wp\/v2\/media?parent=19703"}],"wp:term":[{"taxonomy":"category","embeddable":true,"href":"https:\/\/forumjustica.com.br\/es\/wp-json\/wp\/v2\/categories?post=19703"},{"taxonomy":"post_tag","embeddable":true,"href":"https:\/\/forumjustica.com.br\/es\/wp-json\/wp\/v2\/tags?post=19703"},{"taxonomy":"anos","embeddable":true,"href":"https:\/\/forumjustica.com.br\/es\/wp-json\/wp\/v2\/anos?post=19703"},{"taxonomy":"projetos","embeddable":true,"href":"https:\/\/forumjustica.com.br\/es\/wp-json\/wp\/v2\/projetos?post=19703"},{"taxonomy":"autorias","embeddable":true,"href":"https:\/\/forumjustica.com.br\/es\/wp-json\/wp\/v2\/autorias?post=19703"},{"taxonomy":"tipos","embeddable":true,"href":"https:\/\/forumjustica.com.br\/es\/wp-json\/wp\/v2\/tipos?post=19703"},{"taxonomy":"eixos_tematicos","embeddable":true,"href":"https:\/\/forumjustica.com.br\/es\/wp-json\/wp\/v2\/eixos_tematicos?post=19703"},{"taxonomy":"especiais","embeddable":true,"href":"https:\/\/forumjustica.com.br\/es\/wp-json\/wp\/v2\/especiais?post=19703"},{"taxonomy":"locais","embeddable":true,"href":"https:\/\/forumjustica.com.br\/es\/wp-json\/wp\/v2\/locais?post=19703"},{"taxonomy":"pessoas","embeddable":true,"href":"https:\/\/forumjustica.com.br\/es\/wp-json\/wp\/v2\/pessoas?post=19703"},{"taxonomy":"estado","embeddable":true,"href":"https:\/\/forumjustica.com.br\/es\/wp-json\/wp\/v2\/estado?post=19703"},{"taxonomy":"academia","embeddable":true,"href":"https:\/\/forumjustica.com.br\/es\/wp-json\/wp\/v2\/academia?post=19703"},{"taxonomy":"sociedade_civil","embeddable":true,"href":"https:\/\/forumjustica.com.br\/es\/wp-json\/wp\/v2\/sociedade_civil?post=19703"}],"curies":[{"name":"wp","href":"https:\/\/api.w.org\/{rel}","templated":true}]}}

Apresentação do Fórum Justiça
